2256.
2, 7, 17, 101
List the prime factors of 3411630.
2, 3, 5, 37907
List the prime factors of 493263.
3, 18269
List the prime factors of 672068.
2, 19, 37, 239
List the prime factors of 2516440.
2, 5, 53, 1187
What are the prime factors of 35890140?
2, 3, 5, 11, 13, 47, 89
List the prime factors of 4132579.
11, 31, 12119
What are the prime factors of 4040682?
2, 3, 673447
List the prime factors of 4955856.
2, 3, 23, 67
What are the prime factors of 1221718?
2, 41, 47, 317
What are the prime factors of 41271?
3, 13757
What are the prime factors of 183480?
2, 3, 5, 11, 139
List the prime factors of 1683738.
2, 3, 7, 23, 83
List the prime factors of 6926410.
2, 5, 692641
What are the prime factors of 5486090?
2, 5, 307, 1787
List the prime factors of 56285.
5, 11257
List the prime factors of 863028.
2, 3, 61, 131
List the prime factors of 331851.
3, 13, 67, 127
List the prime factors of 19078926.
2, 3, 19, 29, 199
List the prime factors of 1312153.
1312153
List the prime factors of 1049728.
2, 59, 139
What are the prime factors of 461075?
5, 18443
What are the prime factors of 5585103?
3, 620567
What are the prime factors of 10126501?
7, 11, 347, 379
List the prime factors of 800239.
11, 23, 3163
What are the prime factors of 1731566?
2, 865783
List the prime factors of 242340.
2, 3, 5, 7, 577
List the prime factors of 1184710.
2, 5, 118471
What are the prime factors of 1515017?
7, 216431
What are the prime factors of 20235599?
20235599
What are the prime factors of 54507?
3, 18169
List the prime factors of 5154928.
2, 19, 31, 547
List the prime factors of 826551.
3, 11, 23
What are the prime factors of 2959028?
2, 131, 5647
List the prime factors of 379030.
2, 5, 29, 1307
List the prime factors of 3716209.
7, 149, 509
What are the prime factors of 663914?
2, 331957
List the prime factors of 3046951.
79, 38569
List the prime factors of 235388.
2, 83, 709
List the prime factors of 13347655.
5, 101, 26431
List the prime factors of 186844.
2, 7, 6673
What are the prime factors of 2291444?
2, 23, 24907
What are the prime factors of 792400?
2, 5, 7, 283
List the prime factors of 195994.
2, 43, 53
List the prime factors of 118717.
118717
List the prime factors of 547919.
179, 3061
What are the prime factors of 11284270?
2, 5, 1128427
What are the prime factors of 221595?
3, 5, 11, 17, 79
What are the prime factors of 35872969?
11, 19, 171641
What are the prime factors of 4464345?
3, 5, 297623
List the prime factors of 2325318.
2, 3, 599, 647
What are the prime factors of 9122427?
3, 1013603
List the prime factors of 2043456.
2, 3, 29, 367
What are the prime factors of 976879?
23, 42473
What are the prime factors of 310998?
2, 3, 17, 3049
What are the prime factors of 1365584?
2, 11, 7759
What are the prime factors of 9712077?
3, 313, 10343
What are the prime factors of 10622929?
271, 39199
List the prime factors of 1620309.
3, 271, 1993
What are the prime factors of 863389?
89, 109
What are the prime factors of 784828?
2, 11, 17837
What are the prime factors of 422436?
2, 3, 7, 47, 107
What are the prime factors of 78231?
3, 89, 293
List the prime factors of 16101378.
2, 3, 894521
What are the prime factors of 2571037?
7, 311, 1181
What are the prime factors of 5441016?
2, 3, 7, 139, 233
List the prime factors of 20075190.
2, 3, 5, 669173
What are the prime factors of 152192?
2, 29, 41
List the prime factors of 367453.
367453
List the prime factors of 1064733.
3, 354911
What are the prime factors of 2158635?
3, 5, 143909
List the prime factors of 178401.
3, 59467
What are the prime factors of 183828?
2, 3, 15319
List the prime factors of 1093933.
17, 229, 281
List the prime factors of 11933029.
79, 151051
List the prime factors of 528524.
2, 71, 1861
What are the prime factors of 1452124?
2, 89, 4079
List the prime factors of 34701695.
5, 7, 19, 52183
List the prime factors of 12379698.
2, 3, 647, 1063
What are the prime factors of 5584419?
3, 620491
What are the prime factors of 332144?
2, 20759
What are the prime factors of 989175?
3, 5, 11, 109
List the prime factors of 1143312.
2, 3, 23819
List the prime factors of 25545215.
5, 19, 268897
What are the prime factors of 422909?
17, 24877
List the prime factors of 166731.
3, 149, 373
List the prime factors of 418745.
5, 89, 941
List the prime factors of 873183.
3, 19, 15319
List the prime factors of 7395341.
7395341
List the prime factors of 633697.
149, 4253
List the prime factors of 335588.
2, 11, 29, 263
What are the prime factors of 410087?
410087
List the prime factors of 2393621.
41, 79, 739
What are the prime factors of 1563204?
2, 3, 130267
List the prime factors of 28185935.
5, 71, 79397
List the prime factors of 280366.
2, 103, 1361
List the prime factors of 167732.
2, 19, 2207
List the prime factors of 13883297.
41, 53, 6389
What are the prime factors of 243978?
2, 3, 7, 37, 157
What are the prime factors of 986829?
3, 41, 71, 113
What are the prime factors of 8158011?
3, 17, 19, 8419
What are the prime factors of 13150910?
2, 5, 37, 35543
What are the prime factors of 2504374?
2, 1252187
List the prime factors of 2400.
2, 3, 5
What are the prime factors of 3259418?
2, 41, 39749
List the prime factors of 4384573.
19, 230767
What are the prime factors of 11465773?
11, 41, 25423
List the prime factors of 2717810.
2, 5, 463, 587
What are the prime factors of 14424387?
3, 4808129
What are the prime factors of 21795696?
2, 3, 13, 3881
List the prime factors of 255869.
255869
List the prime factors of 33686555.
5, 7, 701, 1373
List the prime factors of 253647.
3, 28183
List the prime factors of 1701974.
2, 173, 4919
What are the prime factors of 15016555?
5, 19, 31, 5099
What are the prime factors of 492494?
2, 246247
What are the prime factors of 7158408?
2, 3, 461, 647
What are the prime factors of 7700491?
19, 83, 257
What are the prime factors of 691127?
23, 151, 199
List the prime factors of 3811306.
2, 1905653
What are the prime factors of 2727017?
43, 63419
List the prime factors of 16433449.
97, 191, 887
What are the prime factors of 1152509?
1152509
What are the prime factors of 13585824?
2, 3, 7, 23, 293
List the prime factors of 501672.
2, 3, 20903
What are the prime factors of 434792?
2, 17, 23, 139
List the prime factors of 150817.
67, 2251
What are the prime factors of 19508078?
2, 17, 33751
What are the prime factors of 53443?
13, 4111
List the prime factors of 27432294.
2, 3, 4572049
What are the prime factors of 1556165?
5, 13, 89, 269
List the prime factors of 780786.
2, 3, 19, 761
List the prime factors of 288379.
7, 13, 3169
What are the prime factors of 202590?
2, 3, 5, 2251
What are the prime factors of 1550357?
83, 18679
What are the prime factors of 314652?
2, 3, 13, 2017
List the prime factors of 237555.
3, 5, 5279
List the prime factors of 8911764.
2, 3, 23, 47, 229
List the prime factors of 38367180.
2, 3, 5, 43, 4957
List the prime factors of 659137.
659137
What are the prime factors of 94138?
2, 11, 389
What are the prime factors of 93985?
5, 18797
List the prime factors of 313923.
3, 269, 389
List the prime factors of 1318779.
3, 7, 11, 173
What are the prime factors of 1962814?
2, 7, 19, 47, 157
What are the prime factors of 3376724?
2, 13, 64937
What are the prime factors of 6502704?
2, 3, 13, 17, 613
List the prime factors of 13346079.
3, 73, 149, 409
List the prime factors of 563892.
2, 3, 7, 137
List the prime factors of 4595254.
2, 31, 137, 541
List the prime factors of 1313614.
2, 379, 1733
What are the prime factors of 1324639?
23, 57593
List the prime factors of 552650.
2, 5, 7, 1579
List the prime factors of 16682.
2, 19, 439
List the prime factors of 1607169.
3, 37, 14479
What are the prime factors of 15589020?
2, 3, 5, 41, 6337
What are the prime factors of 2379335?
5, 7, 157, 433
What are the prime factors of 729054?
2, 3, 23, 587
What are the prime factors of 900891?
3, 31, 3229
What are the prime factors of 760501?
7, 108643
List the prime factors of 23470506.
2, 3, 17, 37, 691
What are the prime factors of 2111592?
2, 3, 7, 12569
What are the prime factors of 11163008?
2, 87211
What are the prime factors of 2305117?
2305117
List the prime factors of 368861.
347, 1063
What are the prime factors of 22647632?
2, 7, 433, 467
What are the prime fact